{"id":160,"date":"2022-09-15T12:27:35","date_gmt":"2022-09-15T10:27:35","guid":{"rendered":"http:\/\/burois.org\/?page_id=160"},"modified":"2022-09-15T12:27:36","modified_gmt":"2022-09-15T10:27:36","slug":"yonetim","status":"publish","type":"page","link":"http:\/\/burois.org\/?page_id=160","title":{"rendered":"Y\u00f6netim"},"content":{"rendered":"\n<figure class=\"wp-block-table\"><table><tbody><tr><td><br><img loading=\"lazy\" width=\"14\" height=\"13\" src=\"http:\/\/185.140.127.152\/plesk-site-preview\/turkiyeburois.org.tr\/images\/border\/solkose.jpg\"><img loading=\"lazy\" width=\"14\" height=\"13\" src=\"http:\/\/185.140.127.152\/plesk-site-preview\/turkiyeburois.org.tr\/images\/border\/sagkose.jpg\"><img loading=\"lazy\" width=\"13\" height=\"5\" src=\"http:\/\/185.140.127.152\/plesk-site-preview\/turkiyeburois.org.tr\/images\/border\/sol.jpg\">   <img loading=\"lazy\" width=\"13\" height=\"5\" src=\"http:\/\/185.140.127.152\/plesk-site-preview\/turkiyeburois.org.tr\/images\/border\/sol.jpg\"><img loading=\"lazy\" width=\"115\" height=\"161\" src=\"http:\/\/185.140.127.152\/plesk-site-preview\/turkiyeburois.org.tr\/images\/TurkiyeBurois\/Feyyaz.JPG\"><br>Genel Ba\u015fkan: Feyyaz H\u00fcrcan ESK\u0130O\u011eLU<br><img loading=\"lazy\" width=\"13\" height=\"5\" src=\"http:\/\/185.140.127.152\/plesk-site-preview\/turkiyeburois.org.tr\/images\/border\/sag.jpg\"><img loading=\"lazy\" width=\"14\" height=\"13\" src=\"http:\/\/185.140.127.152\/plesk-site-preview\/turkiyeburois.org.tr\/images\/border\/altsolkose.jpg\"><img loading=\"lazy\" width=\"14\" height=\"13\" src=\"http:\/\/185.140.127.152\/plesk-site-preview\/turkiyeburois.org.tr\/images\/border\/altsagkose.jpg\"><img loading=\"lazy\" width=\"14\" height=\"13\" src=\"http:\/\/185.140.127.152\/plesk-site-preview\/turkiyeburois.org.tr\/images\/border\/solkose.jpg\" alt=\"\"><img loading=\"lazy\" width=\"14\" height=\"13\" src=\"http:\/\/185.140.127.152\/plesk-site-preview\/turkiyeburois.org.tr\/images\/border\/sagkose.jpg\" alt=\"\"><img loading=\"lazy\" width=\"13\" height=\"5\" src=\"http:\/\/185.140.127.152\/plesk-site-preview\/turkiyeburois.org.tr\/images\/border\/sol.jpg\" alt=\"\"><img loading=\"lazy\" width=\"115\" height=\"161\" src=\"http:\/\/185.140.127.152\/plesk-site-preview\/turkiyeburois.org.tr\/images\/TurkiyeBurois\/damla.jpg\"><br>Genel Sekreter: Damla DEM\u0130R<br><img loading=\"lazy\" width=\"13\" height=\"5\" src=\"http:\/\/185.140.127.152\/plesk-site-preview\/turkiyeburois.org.tr\/images\/border\/sag.jpg\" alt=\"\"><img loading=\"lazy\" width=\"14\" height=\"13\" src=\"http:\/\/185.140.127.152\/plesk-site-preview\/turkiyeburois.org.tr\/images\/border\/altsolkose.jpg\" alt=\"\"><img loading=\"lazy\" width=\"14\" height=\"13\" src=\"http:\/\/185.140.127.152\/plesk-site-preview\/turkiyeburois.org.tr\/images\/border\/altsagkose.jpg\" alt=\"\"><img loading=\"lazy\" width=\"14\" height=\"13\" src=\"http:\/\/185.140.127.152\/plesk-site-preview\/turkiyeburois.org.tr\/images\/border\/solkose.jpg\" alt=\"\"><img loading=\"lazy\" width=\"14\" height=\"13\" src=\"http:\/\/185.140.127.152\/plesk-site-preview\/turkiyeburois.org.tr\/images\/border\/sagkose.jpg\" alt=\"\"><img loading=\"lazy\" width=\"13\" height=\"5\" src=\"http:\/\/185.140.127.152\/plesk-site-preview\/turkiyeburois.org.tr\/images\/border\/sol.jpg\" alt=\"\"><img loading=\"lazy\" width=\"115\" height=\"161\" src=\"http:\/\/185.140.127.152\/plesk-site-preview\/turkiyeburois.org.tr\/images\/TurkiyeBurois\/mustafa.jpg\"><br>Genel Mali Sekreter: Mustafa \u00c7ELEB\u0130O\u011eLU<br><img loading=\"lazy\" width=\"13\" height=\"5\" src=\"http:\/\/185.140.127.152\/plesk-site-preview\/turkiyeburois.org.tr\/images\/border\/sag.jpg\" alt=\"\"><img loading=\"lazy\" width=\"14\" height=\"13\" src=\"http:\/\/185.140.127.152\/plesk-site-preview\/turkiyeburois.org.tr\/images\/border\/altsolkose.jpg\" alt=\"\"><img loading=\"lazy\" width=\"14\" height=\"13\" src=\"http:\/\/185.140.127.152\/plesk-site-preview\/turkiyeburois.org.tr\/images\/border\/altsagkose.jpg\" alt=\"\"><img loading=\"lazy\" width=\"14\" height=\"13\" src=\"http:\/\/185.140.127.152\/plesk-site-preview\/turkiyeburois.org.tr\/images\/border\/solkose.jpg\" alt=\"\"><img loading=\"lazy\" width=\"14\" height=\"13\" src=\"http:\/\/185.140.127.152\/plesk-site-preview\/turkiyeburois.org.tr\/images\/border\/sagkose.jpg\" alt=\"\"><img loading=\"lazy\" width=\"13\" height=\"5\" src=\"http:\/\/185.140.127.152\/plesk-site-preview\/turkiyeburois.org.tr\/images\/border\/sol.jpg\" alt=\"\"><img loading=\"lazy\" width=\"115\" height=\"161\" src=\"http:\/\/185.140.127.152\/plesk-site-preview\/turkiyeburois.org.tr\/images\/TurkiyeBurois\/neslihan.jpg\"><br>Genel Te\u015fkilat Sekreteri: Neslihan TA\u015eOLUK NAKA\u015e<br><img loading=\"lazy\" width=\"13\" height=\"5\" src=\"http:\/\/185.140.127.152\/plesk-site-preview\/turkiyeburois.org.tr\/images\/border\/sag.jpg\" alt=\"\"><img loading=\"lazy\" width=\"14\" height=\"13\" src=\"http:\/\/185.140.127.152\/plesk-site-preview\/turkiyeburois.org.tr\/images\/border\/altsolkose.jpg\" alt=\"\"><img loading=\"lazy\" width=\"14\" height=\"13\" src=\"http:\/\/185.140.127.152\/plesk-site-preview\/turkiyeburois.org.tr\/images\/border\/altsagkose.jpg\" alt=\"\"><img loading=\"lazy\" width=\"14\" height=\"13\" src=\"http:\/\/185.140.127.152\/plesk-site-preview\/turkiyeburois.org.tr\/images\/border\/solkose.jpg\" alt=\"\"><img loading=\"lazy\" width=\"14\" height=\"13\" src=\"http:\/\/185.140.127.152\/plesk-site-preview\/turkiyeburois.org.tr\/images\/border\/sagkose.jpg\" alt=\"\"><img loading=\"lazy\" width=\"13\" height=\"5\" src=\"http:\/\/185.140.127.152\/plesk-site-preview\/turkiyeburois.org.tr\/images\/border\/sol.jpg\" alt=\"\"><img loading=\"lazy\" width=\"115\" height=\"161\" src=\"http:\/\/185.140.127.152\/plesk-site-preview\/turkiyeburois.org.tr\/images\/TurkiyeBurois\/ilkerYilmaz.JPG\"><br>Genel E\u011fitim Sekreteri: \u0130lker YILMAZ<br><img loading=\"lazy\" width=\"13\" height=\"5\" src=\"http:\/\/185.140.127.152\/plesk-site-preview\/turkiyeburois.org.tr\/images\/border\/sag.jpg\" alt=\"\"><img loading=\"lazy\" width=\"14\" height=\"13\" src=\"http:\/\/185.140.127.152\/plesk-site-preview\/turkiyeburois.org.tr\/images\/border\/altsolkose.jpg\" alt=\"\"><img loading=\"lazy\" width=\"14\" height=\"13\" src=\"http:\/\/185.140.127.152\/plesk-site-preview\/turkiyeburois.org.tr\/images\/border\/altsagkose.jpg\" alt=\"\"><img loading=\"lazy\" width=\"13\" height=\"5\" src=\"http:\/\/185.140.127.152\/plesk-site-preview\/turkiyeburois.org.tr\/images\/border\/sag.jpg\"><img loading=\"lazy\" width=\"14\" height=\"13\" src=\"http:\/\/185.140.127.152\/plesk-site-preview\/turkiyeburois.org.tr\/images\/border\/altsolkose.jpg\"><img loading=\"lazy\" width=\"14\" height=\"13\" src=\"http:\/\/185.140.127.152\/plesk-site-preview\/turkiyeburois.org.tr\/images\/border\/altsagkose.jpg\"><\/td><\/tr><\/tbody><\/table><\/figure>\n","protected":false},"excerpt":{"rendered":"<p>Genel Ba\u015fkan: Feyyaz H\u00fcrcan ESK\u0130O\u011eLUGenel Sekreter: Damla DEM\u0130RGenel Mali Sekreter: Mustafa \u00c7ELEB\u0130O\u011eLUGenel Te\u015fkilat Sekreteri: Neslihan TA\u015eOLUK NAKA\u015eGenel E\u011fitim Sekreteri: \u0130lker<\/p>\n","protected":false},"author":1,"featured_media":0,"parent":0,"menu_order":0,"comment_status":"closed","ping_status":"closed","template":"","meta":[],"_links":{"self":[{"href":"http:\/\/burois.org\/index.php?rest_route=\/wp\/v2\/pages\/160"}],"collection":[{"href":"http:\/\/burois.org\/index.php?rest_route=\/wp\/v2\/pages"}],"about":[{"href":"http:\/\/burois.org\/index.php?rest_route=\/wp\/v2\/types\/page"}],"author":[{"embeddable":true,"href":"http:\/\/burois.org\/index.php?rest_route=\/wp\/v2\/users\/1"}],"replies":[{"embeddable":true,"href":"http:\/\/burois.org\/index.php?rest_route=%2Fwp%2Fv2%2Fcomments&post=160"}],"version-history":[{"count":1,"href":"http:\/\/burois.org\/index.php?rest_route=\/wp\/v2\/pages\/160\/revisions"}],"predecessor-version":[{"id":161,"href":"http:\/\/burois.org\/index.php?rest_route=\/wp\/v2\/pages\/160\/revisions\/161"}],"wp:attachment":[{"href":"http:\/\/burois.org\/index.php?rest_route=%2Fwp%2Fv2%2Fmedia&parent=160"}],"curies":[{"name":"wp","href":"https:\/\/api.w.org\/{rel}","templated":true}]}}